factors of 770.
2, 5, 7, 11
List the prime factors of 18963.
3, 7, 43
What are the prime factors of 4039?
7, 577
What are the prime factors of 4123?
7, 19, 31
What are the prime factors of 1175?
5, 47
List the prime factors of 3370.
2, 5, 337
What are the prime factors of 13310?
2, 5, 11
List the prime factors of 1860.
2, 3, 5, 31
What are the prime factors of 22841?
7, 13, 251
List the prime factors of 34055.
5, 7, 139
List the prime factors of 30866.
2, 11, 23, 61
What are the prime factors of 13587?
3, 7, 647
What are the prime factors of 10344?
2, 3, 431
List the prime factors of 1964.
2, 491
What are the prime factors of 28938?
2, 3, 7, 13, 53
What are the prime factors of 1211?
7, 173
What are the prime factors of 58?
2, 29
List the prime factors of 5868.
2, 3, 163
What are the prime factors of 28323?
3, 1049
What are the prime factors of 44335?
5, 8867
What are the prime factors of 7629?
3, 2543
List the prime factors of 1721.
1721
What are the prime factors of 1162?
2, 7, 83
List the prime factors of 28958.
2, 14479
What are the prime factors of 164?
2, 41
List the prime factors of 8246.
2, 7, 19, 31
What are the prime factors of 335?
5, 67
What are the prime factors of 51443?
7, 7349
List the prime factors of 62628.
2, 3, 17, 307
What are the prime factors of 13173?
3, 4391
List the prime factors of 97393.
17, 337
What are the prime factors of 612?
2, 3, 17
List the prime factors of 39310.
2, 5, 3931
What are the prime factors of 19800?
2, 3, 5, 11
What are the prime factors of 9330?
2, 3, 5, 311
List the prime factors of 11094.
2, 3, 43
List the prime factors of 1327.
1327
What are the prime factors of 8186?
2, 4093
What are the prime factors of 21466?
2, 10733
What are the prime factors of 56903?
7, 11, 739
List the prime factors of 14203.
7, 2029
List the prime factors of 326.
2, 163
What are the prime factors of 2198?
2, 7, 157
What are the prime factors of 142547?
142547
What are the prime factors of 184058?
2, 7, 13147
List the prime factors of 2658.
2, 3, 443
List the prime factors of 1621.
1621
What are the prime factors of 2086?
2, 7, 149
List the prime factors of 88394.
2, 193, 229
List the prime factors of 43542.
2, 3, 41, 59
What are the prime factors of 118970?
2, 5, 11897
List the prime factors of 10816.
2, 13
List the prime factors of 8509.
67, 127
List the prime factors of 62134.
2, 47, 661
What are the prime factors of 14263?
17, 839
List the prime factors of 620.
2, 5, 31
List the prime factors of 344.
2, 43
What are the prime factors of 856?
2, 107
List the prime factors of 12825.
3, 5, 19
List the prime factors of 35925.
3, 5, 479
What are the prime factors of 374?
2, 11, 17
What are the prime factors of 2454?
2, 3, 409
List the prime factors of 67188.
2, 3, 11, 509
What are the prime factors of 698?
2, 349
List the prime factors of 155735.
5, 31147
List the prime factors of 783.
3, 29
List the prime factors of 48234.
2, 3, 8039
List the prime factors of 25321.
25321
What are the prime factors of 17479?
7, 11, 227
List the prime factors of 2256.
2, 3, 47
What are the prime factors of 78640?
2, 5, 983
What are the prime factors of 643?
643
List the prime factors of 818.
2, 409
What are the prime factors of 821?
821
What are the prime factors of 483?
3, 7, 23
List the prime factors of 158396.
2, 7, 5657
What are the prime factors of 413?
7, 59
List the prime factors of 443.
443
List the prime factors of 1875.
3, 5
List the prime factors of 44359.
7, 6337
What are the prime factors of 25327?
19, 31, 43
List the prime factors of 6436.
2, 1609
List the prime factors of 1926.
2, 3, 107
List the prime factors of 146.
2, 73
What are the prime factors of 36875?
5, 59
List the prime factors of 1587.
3, 23
List the prime factors of 28244.
2, 23, 307
List the prime factors of 726.
2, 3, 11
List the prime factors of 27546.
2, 3, 4591
What are the prime factors of 61049?
41, 1489
List the prime factors of 600.
2, 3, 5
What are the prime factors of 382?
2, 191
List the prime factors of 62770.
2, 5, 6277
What are the prime factors of 60876?
2, 3, 19, 89
What are the prime factors of 38341?
23, 1667
List the prime factors of 15190.
2, 5, 7, 31
What are the prime factors of 5272?
2, 659
What are the prime factors of 12854?
2, 6427
What are the prime factors of 33374?
2, 11, 37, 41
What are the prime factors of 43845?
3, 5, 37, 79
What are the prime factors of 413?
7, 59
What are the prime factors of 1481?
1481
What are the prime factors of 134952?
2, 3, 5623
What are the prime factors of 1899?
3, 211
List the prime factors of 13127.
13127
List the prime factors of 8803.
8803
List the prime factors of 139973.
19, 53, 139
List the prime factors of 665.
5, 7, 19
What are the prime factors of 20747?
20747
What are the prime factors of 22097?
19, 1163
List the prime factors of 51922.
2, 13, 1997
List the prime factors of 1409.
1409
List the prime factors of 67840.
2, 5, 53
List the prime factors of 406.
2, 7, 29
What are the prime factors of 78?
2, 3, 13
What are the prime factors of 6212?
2, 1553
List the prime factors of 10648.
2, 11
What are the prime factors of 53?
53
What are the prime factors of 171?
3, 19
List the prime factors of 42837.
3, 109, 131
What are the prime factors of 1519?
7, 31
List the prime factors of 9939.
3, 3313
List the prime factors of 2906.
2, 1453
List the prime factors of 40121.
53, 757
List the prime factors of 1822.
2, 911
List the prime factors of 78483.
3, 26161
What are the prime factors of 13436?
2, 3359
What are the prime factors of 17457?
3, 11, 23
What are the prime factors of 639?
3, 71
What are the prime factors of 6008?
2, 751
What are the prime factors of 35831?
35831
What are the prime factors of 6242?
2, 3121
What are the prime factors of 10671?
3, 3557
What are the prime factors of 1794?
2, 3, 13, 23
What are the prime factors of 19692?
2, 3, 547
List the prime factors of 7127.
7127
What are the prime factors of 1702?
2, 23, 37
What are the prime factors of 2503?
2503
List the prime factors of 54570.
2, 3, 5, 17, 107
What are the prime factors of 578?
2, 17
What are the prime factors of 39469?
29, 1361
What are the prime factors of 5991?
3, 1997
List the prime factors of 1063.
1063
List the prime factors of 133404.
2, 3, 11117
List the prime factors of 10.
2, 5
List the prime factors of 6651.
3, 739
What are the prime factors of 517?
11, 47
List the prime factors of 22022.
2, 7, 11, 13
What are the prime factors of 140370?
2, 3, 5, 4679
What are the prime factors of 7734?
2, 3, 1289
What are the prime factors of 1995?
3, 5, 7, 19
List the prime factors of 10306.
2, 5153
What are the prime factors of 30057?
3, 43, 233
What are the prime factors of 17255?
5, 7, 17, 29
What are the prime factors of 46645?
5, 19, 491
What are the prime factors of 370?
2, 5, 37
List the prime factors of 40569.
3, 13523
What are the prime factors of 6067?
6067
List the prime factors of 4460.
2, 5, 223
What are the prime factors of 2540?
2, 5, 127
List the prime factors of 6959.
6959
What are the prime factors of 3205?
5, 641
List the prime factors of 95574.
2, 3, 17, 937
List the prime factors of 68.
2, 17
List the prime factors of 106332.
2, 3, 8861
List the prime factors of 7163.
13, 19, 29
List the prime factors of 3528.
2, 3, 7
What are the prime factors of 1304?
2, 163
What are the prime factors of 2546?
2, 19, 67
List the prime factors of 90601.
7, 43
What are the prime factors of 13547?
19, 23, 31
What are the prime factors of 1312?
2, 41
What are the prime factors of 7148?
2, 1787
List the prime factors of 4720.
2, 5, 59
List the prime factors of 25109.
7, 17, 211
What are the prime factors of 4847?
37, 131
What are the prime factors of 18263?
7, 2609
List the prime factors of 48568.
2, 13, 467
What are the prime factors of 1841?
7, 263
List the prime factors of 149.
149
What are the prime factors of 2509?
13, 193
List the prime factors of 953.
953
What are the prime factors of 5812?
2, 1453
List the prime factors of 53268.
2, 3, 23, 193
List the prime factors of 3016.
2, 13, 29
List the prime factors of 8738.
2, 17, 257
What are the prime factors of 691?
691
What are the prime factors of 1859?
11, 13
What are the prime factors of 159576?
2, 3, 61, 109
What are the prime factors of 8643?
3, 43, 67
List